{"id":414,"date":"2022-10-04T17:20:00","date_gmt":"2022-10-04T15:20:00","guid":{"rendered":"https:\/\/lpdt.sip-informatique.fr\/?page_id=414"},"modified":"2024-03-07T10:58:46","modified_gmt":"2024-03-07T09:58:46","slug":"qui-sommes-nous","status":"publish","type":"page","link":"https:\/\/lpdt.sip-informatique.fr\/?page_id=414","title":{"rendered":"Qui sommes-nous ?"},"content":{"rendered":"\n<p>La Plume du Tertre est un journal associatif \u00e9tudiant apartisan et pluridisciplinaire bas\u00e9 au campus Tertre de l&rsquo;Universit\u00e9 de Nantes. Les articles publi\u00e9s rel\u00e8vent de l&rsquo;actualit\u00e9 et\/ou de la vulgarisation scientifique.<br>Nous avons par ailleurs des objectifs multiples :<\/p>\n\n\n\n<ul class=\"has-background wp-block-list\" style=\"background-color:#d6aff6\">\n<li>Promouvoir les sciences tant sociales et humaines que dures \u00e0 travers un journal de vulgarisation pour et par des \u00e9tudiants<\/li>\n\n\n\n<li>Valoriser la vie universitaire en mettant en lumi\u00e8re associations et \u00e9v\u00e9nements \u00e9tudiants nantais<\/li>\n\n\n\n<li>Permettre aux \u00e9tudiants de se former aux m\u00e9tiers du journalisme, travailler leurs m\u00e9thodes scientifiques et aussi de s\u2019exprimer sur des sujets qui les int\u00e9ressent, les concernent <\/li>\n<\/ul>\n","protected":false},"excerpt":{"rendered":"<p>La Plume du Tertre est un journal associatif \u00e9tudiant apartisan et pluridisciplinaire bas\u00e9 au campus Tertre de l&rsquo;Universit\u00e9 de Nantes. Les articles publi\u00e9s rel\u00e8vent de l&rsquo;actualit\u00e9 et\/ou de la vulgarisation scientifique.Nous avons par ailleurs des objectifs multiples :<\/p>\n","protected":false},"author":10,"featured_media":0,"parent":0,"menu_order":0,"comment_status":"closed","ping_status":"closed","template":"","meta":{"footnotes":""},"class_list":["post-414","page","type-page","status-publish","hentry"],"_links":{"self":[{"href":"https:\/\/lpdt.sip-informatique.fr\/index.php?rest_route=\/wp\/v2\/pages\/414","targetHints":{"allow":["GET"]}}],"collection":[{"href":"https:\/\/lpdt.sip-informatique.fr\/index.php?rest_route=\/wp\/v2\/pages"}],"about":[{"href":"https:\/\/lpdt.sip-informatique.fr\/index.php?rest_route=\/wp\/v2\/types\/page"}],"author":[{"embeddable":true,"href":"https:\/\/lpdt.sip-informatique.fr\/index.php?rest_route=\/wp\/v2\/users\/10"}],"replies":[{"embeddable":true,"href":"https:\/\/lpdt.sip-informatique.fr\/index.php?rest_route=%2Fwp%2Fv2%2Fcomments&post=414"}],"version-history":[{"count":4,"href":"https:\/\/lpdt.sip-informatique.fr\/index.php?rest_route=\/wp\/v2\/pages\/414\/revisions"}],"predecessor-version":[{"id":1257,"href":"https:\/\/lpdt.sip-informatique.fr\/index.php?rest_route=\/wp\/v2\/pages\/414\/revisions\/1257"}],"wp:attachment":[{"href":"https:\/\/lpdt.sip-informatique.fr\/index.php?rest_route=%2Fwp%2Fv2%2Fmedia&parent=414"}],"curies":[{"name":"wp","href":"https:\/\/api.w.org\/{rel}","templated":true}]}}